4. Determine k(u).
23
Let n(s) = -27*s**2 - 2 - 3*s**2 + 29*s**2 - s + 6*s + 0*s**2. Suppose 3*r - 4 = 8. Give n(r).
2
Let u(m) = 10 + 16*m - m**2 - 15*m - 8. Determine u(2).
0
Let a(g) = g**3 - g**2 - g. Let h(q) = -6*q**3 + 10*q**2 - 4. Let z = -1 + 3. Let c be (-46)/10 - z/5. Let b(m) = c*a(m) - h(m). Give b(4).
8
Let h(q) = 3 - 4 + 0 + 0 + q. Let s = 200 - 201. What is h(s)?
-2
Let m be (-3)/(-1 + (-124)/(-136)). Let y = -37 + m. Let t(q) = -2*q - 2. Calculate t(y).
4
Let x = 198 - 1581/8. Let y(o) be the third derivative of -1/60*o**5 - 6*o**2 + 0*o + 0 + x*o**4 - 3/2*o**3. Calculate y(6).
9
Let w(u) be the second derivative of -u**5/20 + u**4/2 + 5*u**3/3 - 17*u**2/2 + 5*u. Let r be w(7). Let y(a) = a**2 - 3*a + 4. Give y(r).
8
Let c(l) = 6 + 0 - 21 + l**2 - 2*l - 2*l. What is c(-3)?
6
Let q(x) be the third derivative of x**4/12 - x**3/2 - 8*x**2. Let o be 6*(0 + 2)/6. Suppose -y = t - 4 + 5, 2 = o*y + t. What is q(y)?
3
Let l(a) = 14*a - 4 + 3*a - 3*a - 15*a. What is l(-3)?
-1
Suppose 4*t - 2 = 10. Let x(q) = 14*q**t + 0*q**3 + q**3 + 1. Suppose -5*d + 5*y - 3 = 7*y, -5*d = -3*y - 17. Calculate x(d).
16
Let q(n) = n**3 - 7*n**2 + 5*n + 2. Suppose 0 = -10*k + 64 - 4. Give q(k).
-4
Suppose 62*f = 36*f - 52. Let c(o) = -o**3 - o**2 - 2*o + 1. Give c(f).
9
Let w(l) be the third derivative of -1/15*l**5 - 10*l**2 + 1/6*l**3 - 1/4*l**4 + 1/120*l**6 + 0*l + 0. Suppose -f + 20 = 3*f. Calculate w(f).
-4
Let g = -287 - -292. Let x(p) = p**3 - 6*p**2 - 2. Calculate x(g).
-27
Let l(b) = 3*b + 2. Let v(y) = y**3. Let k be v(-1). Let h be k/((-12)/8 - -2). What is l(h)?
-4
Let q(n) be the third derivative of -n**4/24 + 13*n**3/2 + 5*n**2 + 4. Give q(0).
39
Let q be 10/(-4)*(-40)/50. Suppose -4 = -4*x - q*g, -2*g + g + 8 = 5*x. Let v(i) be the second derivative of i**4/4 - i**3/2 + i**2/2 - i. Calculate v(x).
7
Suppose -4*u + 20 = -a - 3*a, 5*u + 2*a - 4 = 0. Let n(t) = -t + 382*t**u - 1 - 387*t**2 + 0*t. Suppose -d - 2*d = 3. Calculate n(d).
-5
Let x(i) = -2*i + 28. Let n be x(11). Let f(t) = 6 - t - 14 + n. Let g = -16 - -10. Calculate f(g).
4
Let t(v) be the second derivative of -v**3/6 + 5*v**2/2 - v - 14. What is t(3)?
2
Let u(s) be the first derivative of -s**3/3 + s**2/2 - 6*s - 618. What is u(-5)?
-36
Let m = 0 + 0. Let n(c) = c + c**3 + 15 - 20 + 35*c**2 + 13 - 34*c**2. Determine n(m).
8
Let a(z) = -6*z**2 - z - 1. Let s(c) be the first derivative of c**3/3 + c - 13. Suppose -5*v = -10*v - 5. Let q(h) = v*a(h) - 5*s(h). Calculate q(-3).
2
Let a(p) be the second derivative of -p**7/2520 + p**6/360 - p**5/30 + 23*p**4/12 + 25*p. Let n(j) be the third derivative of a(j). Determine n(3).
-7
Let j be 862/(2/4 - 0). Let l(u) = -3 + 5*u + 1717*u**2 + u**3 - j*u**2 + 8. What is l(6)?
-1
Let r(q) = 1462*q**2 - 734*q**2 - 4 - 730*q**2 - 4*q. Determine r(-4).
-20
Let h(v) = -498*v**2 + 497*v**2 + 2*v - 21 - 10*v. Calculate h(-7).
-14
Let s = 230 - 233. Let d(w) be the second derivative of w**5/20 + w**4/6 - w**3/6 + 2*w**2 - w. Give d(s).
-2
Suppose -21 = 27*c + 87. Let x(z) = -z**3 - 6*z**2 - 5*z - 3. Give x(c).
-15
Let i be 2/9 + (-145)/45. Let g(z) = 4*z + 4. Let n(a) = -11*a - 11. Let t(s) = i*n(s) - 8*g(s). Let b = -9 - -3. Give t(b).
-5
Suppose 2*j - 6*j = 0. Suppose 14 = x - 3*l, -l - 3 = -j. Let k(r) = r**2 + 3*r - 1. Let h(i) = 6*i**2 + 15*i - 6. Let p(g) = -2*h(g) + 11*k(g). What is p(x)?
-9
Let v = -225 + 227. Let r(i) = 2*i + 5*i**2 - i - 4*i**v - 3 + i**2. Suppose a + 3*a + 4*j = -24, 2*a - 3*j - 3 = 0. What is r(a)?
12
Let z(a) = 2*a**3 + 7*a**2 - 7*a + 1. Let w(k) = -5*k**3 - 13*k**2 + 13*k - 2. Let b(o) = 3*w(o) + 7*z(o). Calculate b(9).
-8
Let m = 17 - 14. Let q = -11 - -13. Let i(y) = -y**q - 6*y + m*y + 4 - 7. Calculate i(-3).
-3
Let q(h) = 6*h - 7*h**3 - 4*h**3 + 15*h**3 + 7*h**2 - 3*h**3 - 6. Let m(n) = -n**3 - 7*n**2 - 6*n + 6. Let j(l) = 3*m(l) + 2*q(l). Give j(-5).
-14
Suppose -3*m + 0*m = -30. Let i(q) = -4*q - 5*q + m*q + q**3 + q**2. What is i(-2)?
-6
Let h = 8 + 1. Let g(r) be the first derivative of -r**3/3 + 11*r**2/2 - 12*r - 134. Give g(h).
6
Let v(a) be the second derivative of -a**3/6 + 5*a**2/2 + 31*a. Let q = 3 + -3. Give v(q).
5
Let f be 34/8 - (-15)/20. Suppose 0*i + 5*i - f*b - 45 = 0, 4*b = -16. Let c(j) = -j + 3. Calculate c(i).
-2
Let s be (63 - 55)*3/24. Let r(k) = -4*k**3 + k + k**2 - 3 + 2 + 0*k. Determine r(s).
-3
Suppose 6*b = 4*m + 10*b - 4, 3*m - 4*b = 24. Let c(g) = 8*g - 15. Calculate c(m).
17
Let k(p) be the first derivative of p**2 + 4 - p**3 + 1/2*p**4 - 3*p. Suppose -3*y = -2*y - 2. Give k(y).
5
Let c(s) = s**3 + 9*s**2 + 10*s + 1. Suppose -5*g = -8*g + 5*h - 49, 18 = -g + 2*h. Determine c(g).
-15
Let m(l) = 5*l**2 - l**3 - 4 - 24*l + 11*l + 6*l + 15*l. Calculate m(6).
8
Let v(b) = 6*b**3 - 2*b + 1. Suppose -2*h = -6*h + 24. Let s be -1*-2*(-9)/h. Let k = 4 + s. Determine v(k).
5
Let w(u) = 0*u**2 - 5*u - u - u**2 - 6. Let n = 20663 + -20667. Give w(n).
2
Let s be (0 + -24)*(128/(-48) + 3). Let v(f) = f**3 + 7*f**2 - 9*f - 19. What is v(s)?
-11
Suppose -5*m = -3*o - 37 + 8, 2*o + 10 = m. Let j(z) = 6*z**3 - 2*z + 1. Let n be j(1). Let d(s) = -s**3 - 12 - 5 + 2*s**2 + 18 + 5*s - n. Determine d(m).
-16
Let t(l) be the third derivative of l**6/120 - l**5/20 - l**3/6 - 161*l**2. Give t(3).
-1
Suppose -2*j + t = -0*j + 11, -3*t = -15. Let z(s) = 3*s + 5. Calculate z(j).
-4
Let x(c) = 3*c**3 - 5*c**3 + 15*c - 5 + c**3 - 14*c**2. Let s be x(-15). Let t(m) = 5 - 1 - 2 + m**2 + 3*m - 1. Give t(s).
11
Let w(t) = -2*t**2 + 12*t. Let m(i) = 9*i - 6*i + 9*i - i**2. Let z(y) = 3*m(y) - 2*w(y). Give z(-12).
0
Let m(l) = -6*l**2. Suppose -2*p - s + 13 = -3*p, -5 = 5*s. Let q = p - -13. Calculate m(q).
-6
Let p(b) = 2*b**2 - 2*b**2 + 2*b**2 + b - 2. Let n = -294 + 296. What is p(n)?
8
Let o = -1011 - -1015. Let g(l) = -l**3 + 6*l**2 - 6*l + 6. Give g(o).
14
Let q be 6/(-15) + (-21)/(-15). Let n(p) = 1 + 1241*p**2 - 4*p + 0*p + 3*p - 1236*p**2 + 0*p. What is n(q)?
5
Let l(f) = -4*f**2 + f. Suppose 2*i = -2*j - 0*i + 10, 22 = 4*j + 2*i. Let w(k) = k**3 - 8*k**2 + 13*k - 7. Let o be w(j). What is l(o)?
-5
Suppose 0 = n + 5*a + 11 - 2, a = -3. Suppose n*l + 6 = -0. Let q(i) = 13*i. What is q(l)?
-13
Let c(k) be the third derivative of -20*k**2 - 1/120*k**6 + 0*k + 0 + k**3 + 7/60*k**5 - 1/24*k**4. Calculate c(7).
-1
Let p(r) = r**3 - 23*r**2 - 140*r + 6. Let a be p(28). Let o(z) = -z**2 + 7*z - 4. Calculate o(a).
2
Let i(y) = -y**3 - 6*y**2 - 6*y - 3. Let o be i(-5). Let m(w) = -5*w + w**2 - 2*w**2 + 6*w - 2 + 0*w**o. Give m(4).
-14
Let r(b) = b**2 + 7*b + 4. Let o = -39 - -51. Suppose -50 = o*l - 2*l. What is r(l)?
-6
Let h(t) be the third derivative of -14*t**2 + 0*t + 0 - 1/12*t**4 + 5/6*t**3. Calculate h(5).
-5
Suppose -3*u + 5*q = 0, -4*u = 2*q - 0*q. Suppose 13 = -5*t + 3*w, -t + w - 6*w + 3 = u. Let r be ((-1)/(-2))/(1/t). Let h(m) = -8*m**2 + 1. Determine h(r).
-7
Let c(t) = 2*t**2 + 1. Suppose -3 = f - 5*f - 3*m, 6 = -2*m. Suppose -j = f*j - 40. Suppose -4*i = 2 - j. Determine c(i).
9
Let s be 473*4/396 - 2/(-9). Let d(k) = -3*k + 0*k + 4 + k**2 + 0*k. Determine d(s).
14
Let p(n) = -n**3 + 3*n**2 + 6*n + 5. Let u(a) be the first derivative of a**2/2 + 3*a + 12. Let o be u(2). Give p(o).
-15
Suppose 2*o + 5 = -5. Suppose 19 = 3*h + 7. Let k(q) = 4*q**3 - 3*q**2 + q - h*q**2 - 5*q**3 - 2 + 2*q**2. Determine k(o).
-7
Let l(u) = 4*u**2 - 16*u + 9. Let w be l(7). Let s = -87 + w. Let n(d) = d**3 - 7*d**2 + 6*d - 7. Determine n(s).
-7
Let t(g) = -6*g + 340. Let y be t(57). Let d(p) = p**2 - 2*p - 4. Determine d(y).
4
Let n(t) be the third derivative of -t**4/8 + 5*t**3/6 + 108*t**2. Calculate n(-4).
17
Let t(n) = 170*n**2 + 4*n + 171*n**2 - 345*n**2 + 3. Give t(-2).
-21
Let p(i) be the second derivative of -i**3/6 + i**2/2 + 31*i - 3. What is p(5)?
-4
Let h(q) be the third derivative of q**6/120 - q**5/15 - q**4/4 - 4*q**3/3 - 633*q**2. Calculate h(5).
-13
Let c = -111 + 119. Let n be 10/c*(1 + (-3)/(-1)). Let x(a) = 5*a + 7. Let p(s) = s + 1. Let t(w) = 4*p(w) - x(w). What is t(n)?
-8
Let y(r) be the second derivative of r**5/20 + 3*r**4/4 - 5*r**3/3 + 7*r**2/2 - 9*r - 23. Calculate y(-10).
7
Let z(v) be the third derivative of -v**5/60 - v**4/8 + 2*v**3/3 - v**2. Suppose 507 - 503 = -x. Calculate z(x).
0
Let n